{"id":42423,"date":"2025-05-27T14:17:12","date_gmt":"2025-05-27T12:17:12","guid":{"rendered":"https:\/\/www.ovronnaz.ch\/events\/concert-a-la-chapelle-3\/"},"modified":"2025-06-12T09:10:27","modified_gmt":"2025-06-12T07:10:27","slug":"concert-a-la-chapelle-2-5","status":"publish","type":"tribe_events","link":"https:\/\/www.ovronnaz.ch\/en\/events\/concert-a-la-chapelle-2-5\/","title":{"rendered":"Concert \u00e0 la Chapelle"},"content":{"rendered":"<h2>Concert \u00e0 la Chapelle<\/h2>\n<p><strong>Tous les mercredis d\u00e8s 20h00 | <\/strong><strong>Juillet et ao\u00fbt<\/strong><\/p>\n<p>Soir\u00e9e musicale \u00e0 la Chapelle d&#8217;Ovronnaz. Musique classique, Jazz, Latino, Il y en a pour tous les go\u00fbts.<\/p>\n<p>&nbsp;<\/p>\n<p><img decoding=\"async\" class=\"alignnone size-full wp-image-42412\" src=\"https:\/\/www.ovronnaz.ch\/wp-content\/uploads\/2025\/04\/7.png\" alt=\"\" width=\"1414\" height=\"2000\" srcset=\"https:\/\/www.ovronnaz.ch\/wp-content\/uploads\/2025\/04\/7.png 1414w, https:\/\/www.ovronnaz.ch\/wp-content\/uploads\/2025\/04\/7-1280x720.png 1280w, https:\/\/www.ovronnaz.ch\/wp-content\/uploads\/2025\/04\/7-980x551.png 980w, https:\/\/www.ovronnaz.ch\/wp-content\/uploads\/2025\/04\/7-480x270.png 480w\" sizes=\"(min-width: 0px) and (max-width: 480px) 480px, (min-width: 481px) and (max-width: 980px) 980px, (min-width: 981px) and (max-width: 1280px) 1280px, (min-width: 1281px) 1414px, 100vw\" \/><\/p>\n<p><img decoding=\"async\" class=\"alignnone size-full wp-image-42530\" src=\"https:\/\/www.ovronnaz.ch\/wp-content\/uploads\/2025\/05\/Concert-chapelle-ete-2025-1.png\" alt=\"\" width=\"1414\" height=\"2000\" srcset=\"https:\/\/www.ovronnaz.ch\/wp-content\/uploads\/2025\/05\/Concert-chapelle-ete-2025-1.png 1414w, https:\/\/www.ovronnaz.ch\/wp-content\/uploads\/2025\/05\/Concert-chapelle-ete-2025-1-212x300.png 212w, https:\/\/www.ovronnaz.ch\/wp-content\/uploads\/2025\/05\/Concert-chapelle-ete-2025-1-724x1024.png 724w, https:\/\/www.ovronnaz.ch\/wp-content\/uploads\/2025\/05\/Concert-chapelle-ete-2025-1-768x1086.png 768w, https:\/\/www.ovronnaz.ch\/wp-content\/uploads\/2025\/05\/Concert-chapelle-ete-2025-1-1086x1536.png 1086w\" sizes=\"(max-width: 1414px) 100vw, 1414px\" \/><\/p>\n","protected":false},"excerpt":{"rendered":"<p>Soir\u00e9e musicale \u00e0 la Chapelle d&#8217;Ovronnaz. Musique classique, Jazz, Latino, Il y en a pour tous les go\u00fbts.<\/p>\n","protected":false},"author":1,"featured_media":42530,"template":"","meta":{"_et_pb_use_builder":"","_et_pb_old_content":"","_et_gb_content_width":"","_monsterinsights_skip_tracking":false,"_monsterinsights_sitenote_active":false,"_monsterinsights_sitenote_note":"","_monsterinsights_sitenote_category":0,"_tribe_events_status":"","_tribe_events_status_reason":"","_tribe_events_is_hybrid":"","_tribe_events_is_virtual":"","_tribe_events_virtual_video_source":"","_tribe_events_virtual_embed_video":"","_tribe_events_virtual_linked_button_text":"","_tribe_events_virtual_linked_button":"","_tribe_events_virtual_show_embed_at":"","_tribe_events_virtual_show_embed_to":[],"_tribe_events_virtual_show_on_event":"","_tribe_events_virtual_show_on_views":"","_tribe_events_virtual_url":"","footnotes":""},"tags":[],"tribe_events_cat":[64,106],"class_list":["post-42423","tribe_events","type-tribe_events","status-publish","has-post-thumbnail","hentry","tribe_events_cat-estivales","tribe_events_cat-office-du-tourisme","cat_estivales","cat_office-du-tourisme"],"_links":{"self":[{"href":"https:\/\/www.ovronnaz.ch\/en\/wp-json\/wp\/v2\/tribe_events\/42423","targetHints":{"allow":["GET"]}}],"collection":[{"href":"https:\/\/www.ovronnaz.ch\/en\/wp-json\/wp\/v2\/tribe_events"}],"about":[{"href":"https:\/\/www.ovronnaz.ch\/en\/wp-json\/wp\/v2\/types\/tribe_events"}],"author":[{"embeddable":true,"href":"https:\/\/www.ovronnaz.ch\/en\/wp-json\/wp\/v2\/users\/1"}],"version-history":[{"count":2,"href":"https:\/\/www.ovronnaz.ch\/en\/wp-json\/wp\/v2\/tribe_events\/42423\/revisions"}],"predecessor-version":[{"id":42537,"href":"https:\/\/www.ovronnaz.ch\/en\/wp-json\/wp\/v2\/tribe_events\/42423\/revisions\/42537"}],"wp:featuredmedia":[{"embeddable":true,"href":"https:\/\/www.ovronnaz.ch\/en\/wp-json\/wp\/v2\/media\/42530"}],"wp:attachment":[{"href":"https:\/\/www.ovronnaz.ch\/en\/wp-json\/wp\/v2\/media?parent=42423"}],"wp:term":[{"taxonomy":"post_tag","embeddable":true,"href":"https:\/\/www.ovronnaz.ch\/en\/wp-json\/wp\/v2\/tags?post=42423"},{"taxonomy":"tribe_events_cat","embeddable":true,"href":"https:\/\/www.ovronnaz.ch\/en\/wp-json\/wp\/v2\/tribe_events_cat?post=42423"}],"curies":[{"name":"wp","href":"https:\/\/api.w.org\/{rel}","templated":true}]}}

Concert à la Chapelle

<h2>Concert à la Chapelle</h2>
<p><strong>Tous les mercredis dès 20h00 | </strong><strong>Juillet et août</strong></p>
<p>Soirée musicale à la Chapelle d&#8217;Ovronnaz. Musique classique, Jazz, Latino, Il y en a pour tous les goûts.</p>
<p>&nbsp;</p>
<p><img decoding="async" class="alignnone size-full wp-image-42412" src="https://www.ovronnaz.ch/wp-content/uploads/2025/04/7.png" alt="" width="1414" height="2000" srcset="https://www.ovronnaz.ch/wp-content/uploads/2025/04/7.png 1414w, https://www.ovronnaz.ch/wp-content/uploads/2025/04/7-1280x720.png 1280w, https://www.ovronnaz.ch/wp-content/uploads/2025/04/7-980x551.png 980w, https://www.ovronnaz.ch/wp-content/uploads/2025/04/7-480x270.png 480w" sizes="(min-width: 0px) and (max-width: 480px) 480px, (min-width: 481px) and (max-width: 980px) 980px, (min-width: 981px) and (max-width: 1280px) 1280px, (min-width: 1281px) 1414px, 100vw" /></p>
<p><img decoding="async" class="alignnone size-full wp-image-42530" src="https://www.ovronnaz.ch/wp-content/uploads/2025/05/Concert-chapelle-ete-2025-1.png" alt="" width="1414" height="2000" srcset="https://www.ovronnaz.ch/wp-content/uploads/2025/05/Concert-chapelle-ete-2025-1.png 1414w, https://www.ovronnaz.ch/wp-content/uploads/2025/05/Concert-chapelle-ete-2025-1-212x300.png 212w, https://www.ovronnaz.ch/wp-content/uploads/2025/05/Concert-chapelle-ete-2025-1-724x1024.png 724w, https://www.ovronnaz.ch/wp-content/uploads/2025/05/Concert-chapelle-ete-2025-1-768x1086.png 768w, https://www.ovronnaz.ch/wp-content/uploads/2025/05/Concert-chapelle-ete-2025-1-1086x1536.png 1086w" sizes="(max-width: 1414px) 100vw, 1414px" /></p>

<p>Soirée musicale à la Chapelle d&#8217;Ovronnaz. Musique classique, Jazz, Latino, Il y en a pour tous les goûts.</p>
