{"id":10005626,"date":"2026-09-03T11:31:03","date_gmt":"2026-09-03T09:31:03","guid":{"rendered":"https:\/\/www.ovronnaz.ch\/events\/\/"},"modified":"2026-09-03T11:35:37","modified_gmt":"2026-09-03T09:35:37","slug":"quintet-de-tartare-au-cafe-des-mayens-a-montagnon","status":"publish","type":"tribe_events","link":"https:\/\/www.ovronnaz.ch\/en\/event\/quintet-de-tartare-au-cafe-des-mayens-a-montagnon\/2026-09-12\/","title":{"rendered":"Tartare Quintet at the Caf\u00e9 des Mayens in Montagnon"},"content":{"rendered":"<h1 data-start=\"57\" data-end=\"105\">Tartare Quintet at the Caf\u00e9 des Mayens in Montagnon<\/h1>\n<p>&nbsp;<\/p>\n<p data-start=\"213\" data-end=\"263\">Le Caf\u00e9 des Mayens vous propose 5 tartares (Vache d&#8217;H\u00e9rens, valaisan, saumon, cheval et wapiti), avec salade, pain du boulanger et r\u00f6stis frites.<\/p>\n<p>Saturday 12 September for lunch and dinner &amp; Sunday 13 September for lunch.<\/p>\n<p data-start=\"213\" data-end=\"263\">Bookings on 027 306 21 16 or 079 225 67 09<br \/>\nCHF 49.00<\/p>\n<p data-start=\"213\" data-end=\"263\"><img decoding=\"async\" class=\"alignnone wp-image-47422\" src=\"https:\/\/www.ovronnaz.ch\/wp-content\/uploads\/2026\/09\/tartare-montagnon.png\" alt=\"\" width=\"806\" height=\"1140\" \/><\/p>\n","protected":false},"excerpt":{"rendered":"<p>Tartare Quintet at the Caf\u00e9 des Mayens in Montagnon<\/p>\n","protected":false},"author":1,"featured_media":47422,"template":"","meta":{"_et_pb_use_builder":"","_et_pb_old_content":"","_et_gb_content_width":"","_monsterinsights_skip_tracking":false,"_tribe_events_status":"","_tribe_events_status_reason":"","_tribe_events_is_hybrid":"","_tribe_events_is_virtual":"","_tribe_events_virtual_video_source":"","_tribe_events_virtual_embed_video":"","_tribe_events_virtual_linked_button_text":"","_tribe_events_virtual_linked_button":"","_tribe_events_virtual_show_embed_at":"","_tribe_events_virtual_show_embed_to":[],"_tribe_events_virtual_show_on_event":"","_tribe_events_virtual_show_on_views":"","_tribe_events_virtual_url":"","footnotes":""},"tags":[152],"tribe_events_cat":[107,67],"class_list":["post-10005626","tribe_events","type-tribe_events","status-publish","has-post-thumbnail","hentry","tag-repas-au-cafe-des-mayens","tribe_events_cat-partenaires","tribe_events_cat-ponctuelle","cat_partenaires","cat_ponctuelle","tribe-recurring-event","tribe-recurring-event-parent"],"_links":{"self":[{"href":"https:\/\/www.ovronnaz.ch\/en\/wp-json\/wp\/v2\/tribe_events\/10005626","targetHints":{"allow":["GET"]}}],"collection":[{"href":"https:\/\/www.ovronnaz.ch\/en\/wp-json\/wp\/v2\/tribe_events"}],"about":[{"href":"https:\/\/www.ovronnaz.ch\/en\/wp-json\/wp\/v2\/types\/tribe_events"}],"author":[{"embeddable":true,"href":"https:\/\/www.ovronnaz.ch\/en\/wp-json\/wp\/v2\/users\/1"}],"version-history":[{"count":0,"href":"https:\/\/www.ovronnaz.ch\/en\/wp-json\/wp\/v2\/tribe_events\/10005626\/revisions"}],"wp:featuredmedia":[{"embeddable":true,"href":"https:\/\/www.ovronnaz.ch\/en\/wp-json\/wp\/v2\/media\/47422"}],"wp:attachment":[{"href":"https:\/\/www.ovronnaz.ch\/en\/wp-json\/wp\/v2\/media?parent=10005626"}],"wp:term":[{"taxonomy":"post_tag","embeddable":true,"href":"https:\/\/www.ovronnaz.ch\/en\/wp-json\/wp\/v2\/tags?post=10005626"},{"taxonomy":"tribe_events_cat","embeddable":true,"href":"https:\/\/www.ovronnaz.ch\/en\/wp-json\/wp\/v2\/tribe_events_cat?post=10005626"}],"curies":[{"name":"wp","href":"https:\/\/api.w.org\/{rel}","templated":true}]}}

Tartare Quintet at the Café des Mayens in Montagnon

<h1 data-start="57" data-end="105">Tartare Quintet at the Café des Mayens in Montagnon</h1>
<p>&nbsp;</p>
<p data-start="213" data-end="263">Le Café des Mayens vous propose 5 tartares (Vache d&#8217;Hérens, valaisan, saumon, cheval et wapiti), avec salade, pain du boulanger et röstis frites.</p>
<p>Saturday 12 September for lunch and dinner &amp; Sunday 13 September for lunch.</p>
<p data-start="213" data-end="263">Bookings on 027 306 21 16 or 079 225 67 09<br />
CHF 49.00</p>
<p data-start="213" data-end="263"><img decoding="async" class="alignnone wp-image-47422" src="https://www.ovronnaz.ch/wp-content/uploads/2026/09/tartare-montagnon.png" alt="" width="806" height="1140" /></p>

<p>Tartare Quintet at the Café des Mayens in Montagnon</p>
