{"id":30343,"date":"2023-08-04T17:50:52","date_gmt":"2023-08-04T15:50:52","guid":{"rendered":"http:\/\/www.ovronnaz.ch\/?post_type=project&#038;p=30343"},"modified":"2023-10-18T16:31:45","modified_gmt":"2023-10-18T14:31:45","slug":"gite-de-dorbon","status":"publish","type":"project","link":"https:\/\/www.ovronnaz.ch\/en\/event\/gite-de-dorbon\/","title":{"rendered":"G\u00eete de Dorbon"},"content":{"rendered":"<p>[et_pb_section fb_built=&#8221;1&#8243; fullwidth=&#8221;on&#8221; _builder_version=&#8221;4.21.0&#8243; _module_preset=&#8221;default&#8221; global_colors_info=&#8221;{}&#8221;][et_pb_fullwidth_slider _builder_version=&#8221;4.22.2&#8243; _module_preset=&#8221;default&#8221; background_enable_image=&#8221;off&#8221; global_colors_info=&#8221;{}&#8221;][et_pb_slide _builder_version=&#8221;4.22.2&#8243; _module_preset=&#8221;default&#8221; background_enable_color=&#8221;off&#8221; background_image=&#8221;http:\/\/www.ovronnaz.ch\/wp-content\/uploads\/2023\/08\/DSC_1925-scaled.jpg&#8221; background_enable_image=&#8221;on&#8221; background_position=&#8221;top_center&#8221; background_vertical_offset=&#8221;59%&#8221; global_colors_info=&#8221;{}&#8221; sticky_transition=&#8221;on&#8221;][\/et_pb_slide][\/et_pb_fullwidth_slider][\/et_pb_section][et_pb_section fb_built=&#8221;1&#8243; _builder_version=&#8221;4.21.0&#8243; _module_preset=&#8221;default&#8221; global_colors_info=&#8221;{}&#8221;][et_pb_row _builder_version=&#8221;4.22.2&#8243; _module_preset=&#8221;default&#8221; global_colors_info=&#8221;{}&#8221; global_module=&#8221;35752&#8243; locked=&#8221;off&#8221;][et_pb_column type=&#8221;4_4&#8243; _builder_version=&#8221;4.21.0&#8243; _module_preset=&#8221;default&#8221; global_colors_info=&#8221;{}&#8221; theme_builder_area=&#8221;post_content&#8221;][et_pb_button button_url=&#8221;@ET-DC@eyJkeW5hbWljIjp0cnVlLCJjb250ZW50IjoicG9zdF9saW5rX3VybF9wYWdlIiwic2V0dGluZ3MiOnsicG9zdF9pZCI6IjI5MzE2In19@&#8221; button_text=&#8221;Liste des cabanes&#8221; _builder_version=&#8221;4.22.2&#8243; _dynamic_attributes=&#8221;button_url&#8221; _module_preset=&#8221;default&#8221; button_text_size=&#8221;14px&#8221; button_text_color=&#8221;#000000&#8243; button_bg_color=&#8221;rgba(186,186,186,0.4)&#8221; button_icon=&#8221;&#x23;||divi||400&#8243; custom_padding=&#8221;10px|20px|10px|35px|true|false&#8221; button_text_en_gb=&#8221;Mountain huts list&#8221; button_text_de_de=&#8221;H\u00fcttenliste&#8221; global_colors_info=&#8221;{}&#8221; button_text_size__hover=&#8221;16px&#8221; theme_builder_area=&#8221;post_content&#8221;][\/et_pb_button][\/et_pb_column][\/et_pb_row][et_pb_row _builder_version=&#8221;4.21.0&#8243; _module_preset=&#8221;default&#8221; global_colors_info=&#8221;{}&#8221;][et_pb_column type=&#8221;4_4&#8243; _builder_version=&#8221;4.21.0&#8243; _module_preset=&#8221;default&#8221; global_colors_info=&#8221;{}&#8221;][et_pb_text _builder_version=&#8221;4.22.2&#8243; _module_preset=&#8221;default&#8221; content_en_gb=&#8221;<\/p>\n<h1 class=%22entry-title%22>Dorbon shelter<\/h1>\n<p>Derborence &#8211; 1956m<\/p>\n<p>&#8221; content_de_de=&#8221;<\/p>\n<h1 class=%22entry-title%22>Dorbon Unterkunft<\/h1>\n<p>Derborence &#8211; 1956m<\/p>\n<p>&#8221; global_colors_info=&#8221;{}&#8221;]<\/p>\n<h1 class=\"entry-title\">G\u00eete de Dorbon<\/h1>\n<p>Derborence &#8211; 1956m<\/p>\n<p>[\/et_pb_text][\/et_pb_column][\/et_pb_row][et_pb_row _builder_version=&#8221;4.21.0&#8243; _module_preset=&#8221;default&#8221; global_colors_info=&#8221;{}&#8221;][et_pb_column type=&#8221;4_4&#8243; _builder_version=&#8221;4.21.0&#8243; _module_preset=&#8221;default&#8221; global_colors_info=&#8221;{}&#8221;][et_pb_text _builder_version=&#8221;4.22.2&#8243; _module_preset=&#8221;default&#8221; text_font_size=&#8221;20px&#8221; text_line_height=&#8221;1.8em&#8221; content_en_gb=&#8221;<\/p>\n<p style=%22text-align: justify;%22>Above Lac de Derborence, the caretakers will be delighted to welcome you to the G\u00eete de Dorbon, an alpine chalet in the heart of the wild Derbonne valley.<\/p>\n<p>&#8221; content_de_de=&#8221;<\/p>\n<p style=%22text-align: justify;%22>Oberhalb des Sees von Derborence empfangen Sie die H\u00fcter mit gro\u00dfer Freude in der G\u00eete de Dorbon, einer Alph\u00fctte im Herzen des wilden Derbonne-Tals.<\/p>\n<p>&#8221; global_colors_info=&#8221;{}&#8221;]<\/p>\n<p style=\"text-align: justify;\"><span>Au-dessus du lac de Derborence, les gardiens\u00a0vous accueilleront avec grand plaisir au G\u00eete de Dorbon, dans un chalet d\u2019alpage, au c\u0153ur du sauvage vallon de la Derbonne.<\/span><\/p>\n<p>[\/et_pb_text][\/et_pb_column][\/et_pb_row][et_pb_row _builder_version=&#8221;4.21.0&#8243; _module_preset=&#8221;default&#8221; global_colors_info=&#8221;{}&#8221;][et_pb_column type=&#8221;4_4&#8243; _builder_version=&#8221;4.21.0&#8243; _module_preset=&#8221;default&#8221; global_colors_info=&#8221;{}&#8221;][et_pb_text _builder_version=&#8221;4.22.1&#8243; _module_preset=&#8221;default&#8221; text_font=&#8221;Barlow||||||||&#8221; text_font_size=&#8221;20px&#8221; text_line_height=&#8221;1.8em&#8221; content_en_gb=&#8221;<\/p>\n<h2>Guarding<\/h2>\n<p>&#8221; content_de_de=&#8221;<\/p>\n<h2>Wachdienst<\/h2>\n<p>&#8221; global_colors_info=&#8221;{}&#8221;]<\/p>\n<div class=\"wpb_text_column wpb_content_element \">\n<div class=\"wpb_wrapper\">\n<h2>Gardiennage<\/h2>\n<\/div>\n<\/div>\n<p>[\/et_pb_text][et_pb_text _builder_version=&#8221;4.22.2&#8243; _module_preset=&#8221;default&#8221; text_font_size=&#8221;20px&#8221; text_line_height=&#8221;1.8em&#8221; content_en_gb=&#8221;<\/p>\n<p>From mid-June to the end of September<\/p>\n<p>Small restaurant<\/p>\n<p>Dormitory 20 places<\/p>\n<p>&#8221; content_de_de=&#8221;<\/p>\n<p>Von Mitte Juni bis Ende September.<\/p>\n<p>Kleines Restaurant<\/p>\n<p>Schlafsaal 20 Pl\u00e4tze<\/p>\n<p>&#8221; global_colors_info=&#8221;{}&#8221;]<\/p>\n<div class=\"wpb_text_column wpb_content_element \">\n<div class=\"wpb_wrapper\">\n<p>De mi-juin \u00e0 fin septembre<\/p>\n<p>Petite restauration<\/p>\n<p><span class=\"square arrow\"><\/span>Dortoir 20 places<\/p>\n<p>&nbsp;<\/p>\n<\/div>\n<\/div>\n<p>[\/et_pb_text][\/et_pb_column][\/et_pb_row][\/et_pb_section][et_pb_section fb_built=&#8221;1&#8243; _builder_version=&#8221;4.21.2&#8243; _module_preset=&#8221;default&#8221; background_color=&#8221;#ededed&#8221; global_colors_info=&#8221;{}&#8221;][et_pb_row _builder_version=&#8221;4.21.2&#8243; _module_preset=&#8221;default&#8221; global_colors_info=&#8221;{}&#8221;][et_pb_column type=&#8221;4_4&#8243; _builder_version=&#8221;4.21.2&#8243; _module_preset=&#8221;default&#8221; global_colors_info=&#8221;{}&#8221;][et_pb_text _builder_version=&#8221;4.22.2&#8243; _module_preset=&#8221;default&#8221; hover_enabled=&#8221;0&#8243; content_en_gb=&#8221;<\/p>\n<h1>access<\/h1>\n<p>&#8221; content_de_de=&#8221;<\/p>\n<h1>Zugang<\/h1>\n<p>&#8221; global_colors_info=&#8221;{}&#8221; sticky_enabled=&#8221;0&#8243;]<\/p>\n<h1>Acc\u00e8s<\/h1>\n<p>[\/et_pb_text][\/et_pb_column][\/et_pb_row][et_pb_row column_structure=&#8221;2_3,1_3&#8243; _builder_version=&#8221;4.21.2&#8243; _module_preset=&#8221;default&#8221; locked=&#8221;off&#8221; global_colors_info=&#8221;{}&#8221;][et_pb_column type=&#8221;2_3&#8243; _builder_version=&#8221;4.21.2&#8243; _module_preset=&#8221;default&#8221; global_colors_info=&#8221;{}&#8221;][et_pb_text _builder_version=&#8221;4.22.2&#8243; _module_preset=&#8221;b9827f57-4dc1-4aac-88ff-e8c8a8fa2e62&#8243; content_en_gb=&#8221;<\/p>\n<p>Ovronnaz &#8211; Jorasse chairlift &#8211; Rambert &#8211; Col de Forcle<\/p>\n<p>Duration 5h &#8211; Difficulty T2 &#8211; T3<\/p>\n<p>&#8221; content_de_de=&#8221;<\/p>\n<p>Ovronnaz &#8211; Sessellift Jorasse &#8211; Rambert &#8211; Col de Forcle<\/p>\n<p>Dauer 5 Std. &#8211; Schwierigkeitsgrad T2 &#8211; T3<\/p>\n<p>&#8221; locked=&#8221;off&#8221; global_colors_info=&#8221;{}&#8221;]<\/p>\n<p>Ovronnaz &#8211; t\u00e9l\u00e9si\u00e8ge Jorasse &#8211; Rambert &#8211; Col de Forcle<\/p>\n<p>Dur\u00e9e 5h &#8211; <span>Difficult\u00e9 T2 &#8211; T3<\/span><\/p>\n<p>[\/et_pb_text][\/et_pb_column][et_pb_column type=&#8221;1_3&#8243; _builder_version=&#8221;4.21.2&#8243; _module_preset=&#8221;default&#8221; global_colors_info=&#8221;{}&#8221;][et_pb_button button_url=&#8221;https:\/\/map.schweizmobil.ch\/?lang=fr&#038;photos=yes&#038;logo=yes&#038;detours=yes&#038;season=summer&#038;bgLayer=pk&#038;resolution=5.02&#038;E=2579986&#038;N=1120304&#038;trackId=462728047&#8243; url_new_window=&#8221;on&#8221; button_text=&#8221;Voir sur la carte&#8221; button_alignment=&#8221;right&#8221; _builder_version=&#8221;4.22.2&#8243; _module_preset=&#8221;default&#8221; button_icon=&#8221;&#xf4d7;||fa||900&#8243; button_text_en_gb=&#8221;See on the map&#8221; button_text_de_de=&#8221;Auf der Karte anzeigen&#8221; locked=&#8221;off&#8221; global_colors_info=&#8221;{}&#8221;][\/et_pb_button][\/et_pb_column][\/et_pb_row][\/et_pb_section][et_pb_section fb_built=&#8221;1&#8243; _builder_version=&#8221;4.21.0&#8243; _module_preset=&#8221;default&#8221; global_colors_info=&#8221;{}&#8221;][et_pb_row column_structure=&#8221;1_2,1_2&#8243; _builder_version=&#8221;4.21.2&#8243; _module_preset=&#8221;default&#8221; global_colors_info=&#8221;{}&#8221;][et_pb_column type=&#8221;1_2&#8243; _builder_version=&#8221;4.21.2&#8243; _module_preset=&#8221;default&#8221; global_colors_info=&#8221;{}&#8221;][et_pb_blurb title=&#8221;Carine &#038; Florian &#8221; use_icon=&#8221;on&#8221; font_icon=&#8221;&#xe08a;||divi||400&#8243; icon_color=&#8221;#000000&#8243; icon_placement=&#8221;left&#8221; image_icon_width=&#8221;28px&#8221; _builder_version=&#8221;4.22.1&#8243; _module_preset=&#8221;default&#8221; link_option_url_new_window=&#8221;on&#8221; global_colors_info=&#8221;{}&#8221;][\/et_pb_blurb][et_pb_blurb title=&#8221;+41 24 498 14 95&#8243; use_icon=&#8221;on&#8221; font_icon=&#8221;&#xf879;||fa||900&#8243; icon_color=&#8221;#000000&#8243; icon_placement=&#8221;left&#8221; image_icon_width=&#8221;28px&#8221; _builder_version=&#8221;4.22.1&#8243; _module_preset=&#8221;default&#8221; link_option_url_new_window=&#8221;on&#8221; global_colors_info=&#8221;{}&#8221;][\/et_pb_blurb][\/et_pb_column][et_pb_column type=&#8221;1_2&#8243; _builder_version=&#8221;4.21.2&#8243; _module_preset=&#8221;default&#8221; global_colors_info=&#8221;{}&#8221;][et_pb_blurb title=&#8221;dorbon@bluewin.ch&#8221; url_new_window=&#8221;on&#8221; use_icon=&#8221;on&#8221; font_icon=&#8221;&#xe010;||divi||400&#8243; icon_color=&#8221;#000000&#8243; icon_placement=&#8221;left&#8221; image_icon_width=&#8221;28px&#8221; _builder_version=&#8221;4.22.1&#8243; _module_preset=&#8221;default&#8221; link_option_url=&#8221;mailto:dorbon@bluewin.ch&#8221; link_option_url_new_window=&#8221;on&#8221; global_colors_info=&#8221;{}&#8221;][\/et_pb_blurb][et_pb_blurb title=&#8221;www.dorbon.ch&#8221; url=&#8221;https:\/\/www.dorbon.ch\/&#8221; url_new_window=&#8221;on&#8221; use_icon=&#8221;on&#8221; font_icon=&#8221;&#xe0e3;||divi||400&#8243; icon_color=&#8221;#000000&#8243; icon_placement=&#8221;left&#8221; image_icon_width=&#8221;28px&#8221; _builder_version=&#8221;4.22.1&#8243; _module_preset=&#8221;default&#8221; link_option_url_new_window=&#8221;on&#8221; global_colors_info=&#8221;{}&#8221;][\/et_pb_blurb][\/et_pb_column][\/et_pb_row][\/et_pb_section]<\/p>\n","protected":false},"excerpt":{"rendered":"<p>G\u00eete de Dorbon Derborence &#8211; 1956mAu-dessus du lac de Derborence, les gardiens\u00a0vous accueilleront avec grand plaisir au G\u00eete de Dorbon, dans un chalet d\u2019alpage, au c\u0153ur du sauvage vallon de [&hellip;]<\/p>\n","protected":false},"author":2,"featured_media":30620,"comment_status":"open","ping_status":"closed","template":"","meta":{"_et_pb_use_builder":"on","_et_pb_old_content":"","_et_gb_content_width":"","_monsterinsights_skip_tracking":false,"_monsterinsights_sitenote_active":false,"_monsterinsights_sitenote_note":"","_monsterinsights_sitenote_category":0,"footnotes":""},"project_category":[41],"project_tag":[],"class_list":["post-30343","project","type-project","status-publish","has-post-thumbnail","hentry","project_category-cabanes"],"_links":{"self":[{"href":"https:\/\/www.ovronnaz.ch\/en\/wp-json\/wp\/v2\/project\/30343","targetHints":{"allow":["GET"]}}],"collection":[{"href":"https:\/\/www.ovronnaz.ch\/en\/wp-json\/wp\/v2\/project"}],"about":[{"href":"https:\/\/www.ovronnaz.ch\/en\/wp-json\/wp\/v2\/types\/project"}],"author":[{"embeddable":true,"href":"https:\/\/www.ovronnaz.ch\/en\/wp-json\/wp\/v2\/users\/2"}],"replies":[{"embeddable":true,"href":"https:\/\/www.ovronnaz.ch\/en\/wp-json\/wp\/v2\/comments?post=30343"}],"version-history":[{"count":0,"href":"https:\/\/www.ovronnaz.ch\/en\/wp-json\/wp\/v2\/project\/30343\/revisions"}],"wp:featuredmedia":[{"embeddable":true,"href":"https:\/\/www.ovronnaz.ch\/en\/wp-json\/wp\/v2\/media\/30620"}],"wp:attachment":[{"href":"https:\/\/www.ovronnaz.ch\/en\/wp-json\/wp\/v2\/media?parent=30343"}],"wp:term":[{"taxonomy":"project_category","embeddable":true,"href":"https:\/\/www.ovronnaz.ch\/en\/wp-json\/wp\/v2\/project_category?post=30343"},{"taxonomy":"project_tag","embeddable":true,"href":"https:\/\/www.ovronnaz.ch\/en\/wp-json\/wp\/v2\/project_tag?post=30343"}],"curies":[{"name":"wp","href":"https:\/\/api.w.org\/{rel}","templated":true}]}}

Gîte de Dorbon

<p>[et_pb_section fb_built=&#8221;1&#8243; fullwidth=&#8221;on&#8221; _builder_version=&#8221;4.21.0&#8243; _module_preset=&#8221;default&#8221; global_colors_info=&#8221;{}&#8221;][et_pb_fullwidth_slider _builder_version=&#8221;4.22.2&#8243; _module_preset=&#8221;default&#8221; background_enable_image=&#8221;off&#8221; global_colors_info=&#8221;{}&#8221;][et_pb_slide _builder_version=&#8221;4.22.2&#8243; _module_preset=&#8221;default&#8221; background_enable_color=&#8221;off&#8221; background_image=&#8221;http://www.ovronnaz.ch/wp-content/uploads/2023/08/DSC_1925-scaled.jpg&#8221; background_enable_image=&#8221;on&#8221; background_position=&#8221;top_center&#8221; background_vertical_offset=&#8221;59%&#8221; global_colors_info=&#8221;{}&#8221; sticky_transition=&#8221;on&#8221;][/et_pb_slide][/et_pb_fullwidth_slider][/et_pb_section][et_pb_section fb_built=&#8221;1&#8243; _builder_version=&#8221;4.21.0&#8243; _module_preset=&#8221;default&#8221; global_colors_info=&#8221;{}&#8221;][et_pb_row _builder_version=&#8221;4.22.2&#8243; _module_preset=&#8221;default&#8221; global_colors_info=&#8221;{}&#8221; global_module=&#8221;35752&#8243; locked=&#8221;off&#8221;][et_pb_column type=&#8221;4_4&#8243; _builder_version=&#8221;4.21.0&#8243; _module_preset=&#8221;default&#8221; global_colors_info=&#8221;{}&#8221; theme_builder_area=&#8221;post_content&#8221;][et_pb_button button_url=&#8221;@ET-DC@eyJkeW5hbWljIjp0cnVlLCJjb250ZW50IjoicG9zdF9saW5rX3VybF9wYWdlIiwic2V0dGluZ3MiOnsicG9zdF9pZCI6IjI5MzE2In19@&#8221; button_text=&#8221;Liste des cabanes&#8221; _builder_version=&#8221;4.22.2&#8243; _dynamic_attributes=&#8221;button_url&#8221; _module_preset=&#8221;default&#8221; button_text_size=&#8221;14px&#8221; button_text_color=&#8221;#000000&#8243; button_bg_color=&#8221;rgba(186,186,186,0.4)&#8221; button_icon=&#8221;&#x23;||divi||400&#8243; custom_padding=&#8221;10px|20px|10px|35px|true|false&#8221; button_text_en_gb=&#8221;Mountain huts list&#8221; button_text_de_de=&#8221;Hüttenliste&#8221; global_colors_info=&#8221;{}&#8221; button_text_size__hover=&#8221;16px&#8221; theme_builder_area=&#8221;post_content&#8221;][/et_pb_button][/et_pb_column][/et_pb_row][et_pb_row _builder_version=&#8221;4.21.0&#8243; _module_preset=&#8221;default&#8221; global_colors_info=&#8221;{}&#8221;][et_pb_column type=&#8221;4_4&#8243; _builder_version=&#8221;4.21.0&#8243; _module_preset=&#8221;default&#8221; global_colors_info=&#8221;{}&#8221;][et_pb_text _builder_version=&#8221;4.22.2&#8243; _module_preset=&#8221;default&#8221; content_en_gb=&#8221;</p>
<h1 class=%22entry-title%22>Dorbon shelter</h1>
<p>Derborence &#8211; 1956m</p>
<p>&#8221; content_de_de=&#8221;</p>
<h1 class=%22entry-title%22>Dorbon Unterkunft</h1>
<p>Derborence &#8211; 1956m</p>
<p>&#8221; global_colors_info=&#8221;{}&#8221;]</p>
<h1 class="entry-title">Gîte de Dorbon</h1>
<p>Derborence &#8211; 1956m</p>
<p>[/et_pb_text][/et_pb_column][/et_pb_row][et_pb_row _builder_version=&#8221;4.21.0&#8243; _module_preset=&#8221;default&#8221; global_colors_info=&#8221;{}&#8221;][et_pb_column type=&#8221;4_4&#8243; _builder_version=&#8221;4.21.0&#8243; _module_preset=&#8221;default&#8221; global_colors_info=&#8221;{}&#8221;][et_pb_text _builder_version=&#8221;4.22.2&#8243; _module_preset=&#8221;default&#8221; text_font_size=&#8221;20px&#8221; text_line_height=&#8221;1.8em&#8221; content_en_gb=&#8221;</p>
<p style=%22text-align: justify;%22>Above Lac de Derborence, the caretakers will be delighted to welcome you to the Gîte de Dorbon, an alpine chalet in the heart of the wild Derbonne valley.</p>
<p>&#8221; content_de_de=&#8221;</p>
<p style=%22text-align: justify;%22>Oberhalb des Sees von Derborence empfangen Sie die Hüter mit großer Freude in der Gîte de Dorbon, einer Alphütte im Herzen des wilden Derbonne-Tals.</p>
<p>&#8221; global_colors_info=&#8221;{}&#8221;]</p>
<p style="text-align: justify;"><span>Au-dessus du lac de Derborence, les gardiens vous accueilleront avec grand plaisir au Gîte de Dorbon, dans un chalet d’alpage, au cœur du sauvage vallon de la Derbonne.</span></p>
<p>[/et_pb_text][/et_pb_column][/et_pb_row][et_pb_row _builder_version=&#8221;4.21.0&#8243; _module_preset=&#8221;default&#8221; global_colors_info=&#8221;{}&#8221;][et_pb_column type=&#8221;4_4&#8243; _builder_version=&#8221;4.21.0&#8243; _module_preset=&#8221;default&#8221; global_colors_info=&#8221;{}&#8221;][et_pb_text _builder_version=&#8221;4.22.1&#8243; _module_preset=&#8221;default&#8221; text_font=&#8221;Barlow||||||||&#8221; text_font_size=&#8221;20px&#8221; text_line_height=&#8221;1.8em&#8221; content_en_gb=&#8221;</p>
<h2>Guarding</h2>
<p>&#8221; content_de_de=&#8221;</p>
<h2>Wachdienst</h2>
<p>&#8221; global_colors_info=&#8221;{}&#8221;]</p>
<div class="wpb_text_column wpb_content_element ">
<div class="wpb_wrapper">
<h2>Gardiennage</h2>
</div>
</div>
<p>[/et_pb_text][et_pb_text _builder_version=&#8221;4.22.2&#8243; _module_preset=&#8221;default&#8221; text_font_size=&#8221;20px&#8221; text_line_height=&#8221;1.8em&#8221; content_en_gb=&#8221;</p>
<p>From mid-June to the end of September</p>
<p>Small restaurant</p>
<p>Dormitory 20 places</p>
<p>&#8221; content_de_de=&#8221;</p>
<p>Von Mitte Juni bis Ende September.</p>
<p>Kleines Restaurant</p>
<p>Schlafsaal 20 Plätze</p>
<p>&#8221; global_colors_info=&#8221;{}&#8221;]</p>
<div class="wpb_text_column wpb_content_element ">
<div class="wpb_wrapper">
<p>De mi-juin à fin septembre</p>
<p>Petite restauration</p>
<p><span class="square arrow"></span>Dortoir 20 places</p>
<p>&nbsp;</p>
</div>
</div>
<p>[/et_pb_text][/et_pb_column][/et_pb_row][/et_pb_section][et_pb_section fb_built=&#8221;1&#8243; _builder_version=&#8221;4.21.2&#8243; _module_preset=&#8221;default&#8221; background_color=&#8221;#ededed&#8221; global_colors_info=&#8221;{}&#8221;][et_pb_row _builder_version=&#8221;4.21.2&#8243; _module_preset=&#8221;default&#8221; global_colors_info=&#8221;{}&#8221;][et_pb_column type=&#8221;4_4&#8243; _builder_version=&#8221;4.21.2&#8243; _module_preset=&#8221;default&#8221; global_colors_info=&#8221;{}&#8221;][et_pb_text _builder_version=&#8221;4.22.2&#8243; _module_preset=&#8221;default&#8221; hover_enabled=&#8221;0&#8243; content_en_gb=&#8221;</p>
<h1>access</h1>
<p>&#8221; content_de_de=&#8221;</p>
<h1>Zugang</h1>
<p>&#8221; global_colors_info=&#8221;{}&#8221; sticky_enabled=&#8221;0&#8243;]</p>
<h1>Accès</h1>
<p>[/et_pb_text][/et_pb_column][/et_pb_row][et_pb_row column_structure=&#8221;2_3,1_3&#8243; _builder_version=&#8221;4.21.2&#8243; _module_preset=&#8221;default&#8221; locked=&#8221;off&#8221; global_colors_info=&#8221;{}&#8221;][et_pb_column type=&#8221;2_3&#8243; _builder_version=&#8221;4.21.2&#8243; _module_preset=&#8221;default&#8221; global_colors_info=&#8221;{}&#8221;][et_pb_text _builder_version=&#8221;4.22.2&#8243; _module_preset=&#8221;b9827f57-4dc1-4aac-88ff-e8c8a8fa2e62&#8243; content_en_gb=&#8221;</p>
<p>Ovronnaz &#8211; Jorasse chairlift &#8211; Rambert &#8211; Col de Forcle</p>
<p>Duration 5h &#8211; Difficulty T2 &#8211; T3</p>
<p>&#8221; content_de_de=&#8221;</p>
<p>Ovronnaz &#8211; Sessellift Jorasse &#8211; Rambert &#8211; Col de Forcle</p>
<p>Dauer 5 Std. &#8211; Schwierigkeitsgrad T2 &#8211; T3</p>
<p>&#8221; locked=&#8221;off&#8221; global_colors_info=&#8221;{}&#8221;]</p>
<p>Ovronnaz &#8211; télésiège Jorasse &#8211; Rambert &#8211; Col de Forcle</p>
<p>Durée 5h &#8211; <span>Difficulté T2 &#8211; T3</span></p>
<p>[/et_pb_text][/et_pb_column][et_pb_column type=&#8221;1_3&#8243; _builder_version=&#8221;4.21.2&#8243; _module_preset=&#8221;default&#8221; global_colors_info=&#8221;{}&#8221;][et_pb_button button_url=&#8221;https://map.schweizmobil.ch/?lang=fr&#038;photos=yes&#038;logo=yes&#038;detours=yes&#038;season=summer&#038;bgLayer=pk&#038;resolution=5.02&#038;E=2579986&#038;N=1120304&#038;trackId=462728047&#8243; url_new_window=&#8221;on&#8221; button_text=&#8221;Voir sur la carte&#8221; button_alignment=&#8221;right&#8221; _builder_version=&#8221;4.22.2&#8243; _module_preset=&#8221;default&#8221; button_icon=&#8221;&#xf4d7;||fa||900&#8243; button_text_en_gb=&#8221;See on the map&#8221; button_text_de_de=&#8221;Auf der Karte anzeigen&#8221; locked=&#8221;off&#8221; global_colors_info=&#8221;{}&#8221;][/et_pb_button][/et_pb_column][/et_pb_row][/et_pb_section][et_pb_section fb_built=&#8221;1&#8243; _builder_version=&#8221;4.21.0&#8243; _module_preset=&#8221;default&#8221; global_colors_info=&#8221;{}&#8221;][et_pb_row column_structure=&#8221;1_2,1_2&#8243; _builder_version=&#8221;4.21.2&#8243; _module_preset=&#8221;default&#8221; global_colors_info=&#8221;{}&#8221;][et_pb_column type=&#8221;1_2&#8243; _builder_version=&#8221;4.21.2&#8243; _module_preset=&#8221;default&#8221; global_colors_info=&#8221;{}&#8221;][et_pb_blurb title=&#8221;Carine &#038; Florian &#8221; use_icon=&#8221;on&#8221; font_icon=&#8221;&#xe08a;||divi||400&#8243; icon_color=&#8221;#000000&#8243; icon_placement=&#8221;left&#8221; image_icon_width=&#8221;28px&#8221; _builder_version=&#8221;4.22.1&#8243; _module_preset=&#8221;default&#8221; link_option_url_new_window=&#8221;on&#8221; global_colors_info=&#8221;{}&#8221;][/et_pb_blurb][et_pb_blurb title=&#8221;+41 24 498 14 95&#8243; use_icon=&#8221;on&#8221; font_icon=&#8221;&#xf879;||fa||900&#8243; icon_color=&#8221;#000000&#8243; icon_placement=&#8221;left&#8221; image_icon_width=&#8221;28px&#8221; _builder_version=&#8221;4.22.1&#8243; _module_preset=&#8221;default&#8221; link_option_url_new_window=&#8221;on&#8221; global_colors_info=&#8221;{}&#8221;][/et_pb_blurb][/et_pb_column][et_pb_column type=&#8221;1_2&#8243; _builder_version=&#8221;4.21.2&#8243; _module_preset=&#8221;default&#8221; global_colors_info=&#8221;{}&#8221;][et_pb_blurb title=&#8221;dorbon@bluewin.ch&#8221; url_new_window=&#8221;on&#8221; use_icon=&#8221;on&#8221; font_icon=&#8221;&#xe010;||divi||400&#8243; icon_color=&#8221;#000000&#8243; icon_placement=&#8221;left&#8221; image_icon_width=&#8221;28px&#8221; _builder_version=&#8221;4.22.1&#8243; _module_preset=&#8221;default&#8221; link_option_url=&#8221;mailto:dorbon@bluewin.ch&#8221; link_option_url_new_window=&#8221;on&#8221; global_colors_info=&#8221;{}&#8221;][/et_pb_blurb][et_pb_blurb title=&#8221;www.dorbon.ch&#8221; url=&#8221;https://www.dorbon.ch/&#8221; url_new_window=&#8221;on&#8221; use_icon=&#8221;on&#8221; font_icon=&#8221;&#xe0e3;||divi||400&#8243; icon_color=&#8221;#000000&#8243; icon_placement=&#8221;left&#8221; image_icon_width=&#8221;28px&#8221; _builder_version=&#8221;4.22.1&#8243; _module_preset=&#8221;default&#8221; link_option_url_new_window=&#8221;on&#8221; global_colors_info=&#8221;{}&#8221;][/et_pb_blurb][/et_pb_column][/et_pb_row][/et_pb_section]</p>

<p>Gîte de Dorbon Derborence &#8211; 1956mAu-dessus du lac de Derborence, les gardiens vous accueilleront avec grand plaisir au Gîte de Dorbon, dans un chalet d’alpage, au cœur du sauvage vallon de [&hellip;]</p>
