{"id":43867,"date":"2025-11-04T16:58:40","date_gmt":"2025-11-04T15:58:40","guid":{"rendered":"https:\/\/www.ovronnaz.ch\/events\/\/"},"modified":"2025-11-04T16:58:40","modified_gmt":"2025-11-04T15:58:40","slug":"soiree-bresilienne-viagem-ao-brasil","status":"publish","type":"tribe_events","link":"https:\/\/www.ovronnaz.ch\/de\/events\/soiree-bresilienne-viagem-ao-brasil\/","title":{"rendered":"Brasilianischer Abend \u2013 \u201eViagem ao Brasil\u201c"},"content":{"rendered":"<h1 data-start=\"132\" data-end=\"184\">Brasilianischer Abend \u2013 \u201eViagem ao Brasil\u201c Samstag, 29. November 2025<\/h1>\n<p data-start=\"217\" data-end=\"269\"><strong data-start=\"217\" data-end=\"269\"><b data-olk-copy-source=\"MessageBody\">\ud83c\udfb6<\/b>AUF DEM PROGRAMM DIESER AUSSERGEW\u00d6HNLICHEN NACHT<\/strong><\/p>\n<ul>\n<li data-start=\"271\" data-end=\"457\"><strong data-start=\"271\" data-end=\"292\">19.00 \u2013 20.45 Uhr<\/strong> \u2192 <strong data-start=\"295\" data-end=\"337\">Brasilianisches All-you-can-eat-Buffet<\/strong> im Restaurant, begleitet von einer <strong data-start=\"373\" data-end=\"386\">Live-Show<\/strong> \u2013 f\u00fcr ein vollst\u00e4ndiges Eintauchen in die brasilianische Atmosph\u00e4re.<\/li>\n<li data-start=\"459\" data-end=\"594\"><strong data-start=\"459\" data-end=\"480\">21.15 \u2013 23.00 Uhr<\/strong> \u2192 Die Feier geht in der <strong data-start=\"505\" data-end=\"520\">Central Bar<\/strong> weiter \u2013 mit einem <strong data-start=\"540\" data-end=\"591\">festlichen, t\u00e4nzerischen und interaktiven Abend<\/strong>:\n<ul>\n<li data-start=\"459\" data-end=\"594\"><strong data-start=\"597\" data-end=\"637\">Live-Show, Tanz und Samba-Einf\u00fchrung<\/strong><\/li>\n<li data-start=\"459\" data-end=\"594\"><strong data-start=\"642\" data-end=\"658\">Viele Preise<\/strong> zu gewinnen w\u00e4hrend des ganzen Abends!<\/li>\n<\/ul>\n<\/li>\n<\/ul>\n<p data-start=\"701\" data-end=\"1056\"><strong data-start=\"701\" data-end=\"716\"><b>\ud83d\udc83 <\/b>Ehreng\u00e4ste:<\/strong><br data-start=\"716\" data-end=\"719\" \/>Wir freuen uns sehr, die <strong data-start=\"744\" data-end=\"778\">G.R.E.S. Prisioneiros do Samba<\/strong> begr\u00fc\u00dfen zu d\u00fcrfen \u2013 eine k\u00fcnstlerische Truppe aus Genf und Lausanne, <strong data-start=\"849\" data-end=\"905\">Gewinner des 1. Preises des Schweizer Karnevals 2024<\/strong>.<br data-start=\"906\" data-end=\"909\" \/>Diese Gruppe vereint alles, was die <strong data-start=\"945\" data-end=\"970\">brasilianische Kultur<\/strong> ausmacht: <strong data-start=\"981\" data-end=\"1056\">Percussion, Tanz, farbenfrohe Kost\u00fcme, L\u00e4cheln und mitrei\u00dfende Energie!<br \/>\n<img decoding=\"async\" class=\"alignnone size-full wp-image-43870\" src=\"https:\/\/www.ovronnaz.ch\/wp-content\/uploads\/2025\/11\/EVENT-DO-BRAZIL-29.11.2025_page-0001.jpg\" alt=\"\" width=\"1241\" height=\"1755\" srcset=\"https:\/\/www.ovronnaz.ch\/wp-content\/uploads\/2025\/11\/EVENT-DO-BRAZIL-29.11.2025_page-0001.jpg 1241w, https:\/\/www.ovronnaz.ch\/wp-content\/uploads\/2025\/11\/EVENT-DO-BRAZIL-29.11.2025_page-0001-980x1386.jpg 980w, https:\/\/www.ovronnaz.ch\/wp-content\/uploads\/2025\/11\/EVENT-DO-BRAZIL-29.11.2025_page-0001-480x679.jpg 480w\" sizes=\"(min-width: 0px) and (max-width: 480px) 480px, (min-width: 481px) and (max-width: 980px) 980px, (min-width: 981px) 1241px, 100vw\" \/><br \/>\n<img decoding=\"async\" class=\"alignnone size-full wp-image-43873\" src=\"https:\/\/www.ovronnaz.ch\/wp-content\/uploads\/2025\/11\/BUFFET-BRESILIEN_page-0002-scaled.jpg\" alt=\"\" width=\"2036\" height=\"2880\" srcset=\"https:\/\/www.ovronnaz.ch\/wp-content\/uploads\/2025\/11\/BUFFET-BRESILIEN_page-0002-scaled.jpg 2036w, https:\/\/www.ovronnaz.ch\/wp-content\/uploads\/2025\/11\/BUFFET-BRESILIEN_page-0002-1280x1811.jpg 1280w, https:\/\/www.ovronnaz.ch\/wp-content\/uploads\/2025\/11\/BUFFET-BRESILIEN_page-0002-980x1386.jpg 980w, https:\/\/www.ovronnaz.ch\/wp-content\/uploads\/2025\/11\/BUFFET-BRESILIEN_page-0002-480x679.jpg 480w\" sizes=\"(min-width: 0px) and (max-width: 480px) 480px, (min-width: 481px) and (max-width: 980px) 980px, (min-width: 981px) and (max-width: 1280px) 1280px, (min-width: 1281px) 2036px, 100vw\" \/><br \/>\n<img decoding=\"async\" class=\"alignnone size-full wp-image-43872\" src=\"https:\/\/www.ovronnaz.ch\/wp-content\/uploads\/2025\/11\/BUFFET-BRESILIEN_page-0001-1-scaled.jpg\" alt=\"\" width=\"2036\" height=\"2880\" \/><br \/>\n<\/strong><\/p>\n","protected":false},"excerpt":{"rendered":"<p>Brasilianischer Abend \u2013 \u201eViagem ao Brasil\u201c in den Bains d\u2019Ovronnaz<\/p>\n","protected":false},"author":1,"featured_media":43870,"template":"","meta":{"_et_pb_use_builder":"","_et_pb_old_content":"","_et_gb_content_width":"","_monsterinsights_skip_tracking":false,"_monsterinsights_sitenote_active":false,"_monsterinsights_sitenote_note":"","_monsterinsights_sitenote_category":0,"_tribe_events_status":"","_tribe_events_status_reason":"","_tribe_events_is_hybrid":"","_tribe_events_is_virtual":"","_tribe_events_virtual_video_source":"","_tribe_events_virtual_embed_video":"","_tribe_events_virtual_linked_button_text":"","_tribe_events_virtual_linked_button":"","_tribe_events_virtual_show_embed_at":"","_tribe_events_virtual_show_embed_to":[],"_tribe_events_virtual_show_on_event":"","_tribe_events_virtual_show_on_views":"","_tribe_events_virtual_url":"","footnotes":""},"tags":[],"tribe_events_cat":[107,67],"class_list":["post-43867","tribe_events","type-tribe_events","status-publish","has-post-thumbnail","hentry","tribe_events_cat-partenaires","tribe_events_cat-ponctuelle","cat_partenaires","cat_ponctuelle"],"_links":{"self":[{"href":"https:\/\/www.ovronnaz.ch\/de\/wp-json\/wp\/v2\/tribe_events\/43867","targetHints":{"allow":["GET"]}}],"collection":[{"href":"https:\/\/www.ovronnaz.ch\/de\/wp-json\/wp\/v2\/tribe_events"}],"about":[{"href":"https:\/\/www.ovronnaz.ch\/de\/wp-json\/wp\/v2\/types\/tribe_events"}],"author":[{"embeddable":true,"href":"https:\/\/www.ovronnaz.ch\/de\/wp-json\/wp\/v2\/users\/1"}],"version-history":[{"count":1,"href":"https:\/\/www.ovronnaz.ch\/de\/wp-json\/wp\/v2\/tribe_events\/43867\/revisions"}],"predecessor-version":[{"id":43874,"href":"https:\/\/www.ovronnaz.ch\/de\/wp-json\/wp\/v2\/tribe_events\/43867\/revisions\/43874"}],"wp:featuredmedia":[{"embeddable":true,"href":"https:\/\/www.ovronnaz.ch\/de\/wp-json\/wp\/v2\/media\/43870"}],"wp:attachment":[{"href":"https:\/\/www.ovronnaz.ch\/de\/wp-json\/wp\/v2\/media?parent=43867"}],"wp:term":[{"taxonomy":"post_tag","embeddable":true,"href":"https:\/\/www.ovronnaz.ch\/de\/wp-json\/wp\/v2\/tags?post=43867"},{"taxonomy":"tribe_events_cat","embeddable":true,"href":"https:\/\/www.ovronnaz.ch\/de\/wp-json\/wp\/v2\/tribe_events_cat?post=43867"}],"curies":[{"name":"wp","href":"https:\/\/api.w.org\/{rel}","templated":true}]}}

<h1 data-start="132" data-end="184">Brasilianischer Abend – „Viagem ao Brasil“ Samstag, 29. November 2025</h1>
<p data-start="217" data-end="269"><strong data-start="217" data-end="269"><b data-olk-copy-source="MessageBody">🎶</b>AUF DEM PROGRAMM DIESER AUSSERGEWÖHNLICHEN NACHT</strong></p>
<ul>
<li data-start="271" data-end="457"><strong data-start="271" data-end="292">19.00 – 20.45 Uhr</strong> → <strong data-start="295" data-end="337">Brasilianisches All-you-can-eat-Buffet</strong> im Restaurant, begleitet von einer <strong data-start="373" data-end="386">Live-Show</strong> – für ein vollständiges Eintauchen in die brasilianische Atmosphäre.</li>
<li data-start="459" data-end="594"><strong data-start="459" data-end="480">21.15 – 23.00 Uhr</strong> → Die Feier geht in der <strong data-start="505" data-end="520">Central Bar</strong> weiter – mit einem <strong data-start="540" data-end="591">festlichen, tänzerischen und interaktiven Abend</strong>:
<ul>
<li data-start="459" data-end="594"><strong data-start="597" data-end="637">Live-Show, Tanz und Samba-Einführung</strong></li>
<li data-start="459" data-end="594"><strong data-start="642" data-end="658">Viele Preise</strong> zu gewinnen während des ganzen Abends!</li>
</ul>
</li>
</ul>
<p data-start="701" data-end="1056"><strong data-start="701" data-end="716"><b>💃 </b>Ehrengäste:</strong><br data-start="716" data-end="719" />Wir freuen uns sehr, die <strong data-start="744" data-end="778">G.R.E.S. Prisioneiros do Samba</strong> begrüßen zu dürfen – eine künstlerische Truppe aus Genf und Lausanne, <strong data-start="849" data-end="905">Gewinner des 1. Preises des Schweizer Karnevals 2024</strong>.<br data-start="906" data-end="909" />Diese Gruppe vereint alles, was die <strong data-start="945" data-end="970">brasilianische Kultur</strong> ausmacht: <strong data-start="981" data-end="1056">Percussion, Tanz, farbenfrohe Kostüme, Lächeln und mitreißende Energie!<br />
<img decoding="async" class="alignnone size-full wp-image-43870" src="https://www.ovronnaz.ch/wp-content/uploads/2025/11/EVENT-DO-BRAZIL-29.11.2025_page-0001.jpg" alt="" width="1241" height="1755" srcset="https://www.ovronnaz.ch/wp-content/uploads/2025/11/EVENT-DO-BRAZIL-29.11.2025_page-0001.jpg 1241w, https://www.ovronnaz.ch/wp-content/uploads/2025/11/EVENT-DO-BRAZIL-29.11.2025_page-0001-980x1386.jpg 980w, https://www.ovronnaz.ch/wp-content/uploads/2025/11/EVENT-DO-BRAZIL-29.11.2025_page-0001-480x679.jpg 480w" sizes="(min-width: 0px) and (max-width: 480px) 480px, (min-width: 481px) and (max-width: 980px) 980px, (min-width: 981px) 1241px, 100vw" /><br />
<img decoding="async" class="alignnone size-full wp-image-43873" src="https://www.ovronnaz.ch/wp-content/uploads/2025/11/BUFFET-BRESILIEN_page-0002-scaled.jpg" alt="" width="2036" height="2880" srcset="https://www.ovronnaz.ch/wp-content/uploads/2025/11/BUFFET-BRESILIEN_page-0002-scaled.jpg 2036w, https://www.ovronnaz.ch/wp-content/uploads/2025/11/BUFFET-BRESILIEN_page-0002-1280x1811.jpg 1280w, https://www.ovronnaz.ch/wp-content/uploads/2025/11/BUFFET-BRESILIEN_page-0002-980x1386.jpg 980w, https://www.ovronnaz.ch/wp-content/uploads/2025/11/BUFFET-BRESILIEN_page-0002-480x679.jpg 480w" sizes="(min-width: 0px) and (max-width: 480px) 480px, (min-width: 481px) and (max-width: 980px) 980px, (min-width: 981px) and (max-width: 1280px) 1280px, (min-width: 1281px) 2036px, 100vw" /><br />
<img decoding="async" class="alignnone size-full wp-image-43872" src="https://www.ovronnaz.ch/wp-content/uploads/2025/11/BUFFET-BRESILIEN_page-0001-1-scaled.jpg" alt="" width="2036" height="2880" /><br />
</strong></p>
