{"id":38914,"date":"2024-05-01T16:28:31","date_gmt":"2024-05-01T14:28:31","guid":{"rendered":"https:\/\/www.ovronnaz.ch\/events\/\/"},"modified":"2025-06-04T15:44:17","modified_gmt":"2025-06-04T13:44:17","slug":"a-la-decouverte-des-bouquetins","status":"publish","type":"tribe_events","link":"https:\/\/www.ovronnaz.ch\/de\/events\/a-la-decouverte-des-bouquetins\/","title":{"rendered":"Auf Entdeckungsreise zu den Steinb\u00f6cken"},"content":{"rendered":"<div class=\"et_pb_row et_pb_row_11\">\n<div class=\"et_pb_column et_pb_column_4_4 et_pb_column_34 et_pb_css_mix_blend_mode_passthrough et-last-child\">\n<div class=\"et_pb_module et_pb_text et_pb_text_176 titre et_pb_text_align_left et_pb_bg_layout_light\">\n<div class=\"et_pb_text_inner\">\n<h2 class=\"vc_custom_heading\">Auf Entdeckungsreise zu den Steinb\u00f6cken<\/h2>\n<\/div>\n<\/div>\n<\/div>\n<\/div>\n<div class=\"et_pb_column et_pb_column_1_2 et_pb_column_32 et_pb_css_mix_blend_mode_passthrough\">\n<div class=\"et_pb_module et_pb_text et_pb_text_174 titre et_pb_text_align_left et_pb_bg_layout_light\">\n<div class=\"et_pb_text_inner\">\n<div class=\"et_pb_column et_pb_column_1_2 et_pb_column_35 et_pb_css_mix_blend_mode_passthrough\">\n<div class=\"et_pb_module et_pb_text et_pb_text_177 titre et_pb_text_align_left et_pb_bg_layout_light\">\n<div class=\"et_pb_text_inner\">\n<p>Nehmen Sie an unserer gef\u00fchrten Wanderung durch die Natur von Ovronnaz teil und entdecken Sie die Steinb\u00f6cke, die Wahrzeichen der Berge. In Begleitung eines Profis erkunden Sie die faszinierende Welt der Steinb\u00f6cke und erfahren mehr \u00fcber ihren nat\u00fcrlichen Lebensraum. Eine bereichernde Erfahrung im Herzen der Alpen.<\/p>\n<\/div>\n<\/div>\n<\/div>\n<div class=\"et_pb_column et_pb_column_1_2 et_pb_column_36 et_pb_css_mix_blend_mode_passthrough et-last-child\">\n<div class=\"et_pb_module et_pb_text et_pb_text_178 titre et_pb_text_align_left et_pb_bg_layout_light\">\n<div class=\"et_pb_text_inner\">&nbsp;<\/div>\n<\/div>\n<\/div>\n<\/div>\n<\/div>\n<\/div>\n<div class=\"et_pb_column et_pb_column_1_2 et_pb_column_33 et_pb_css_mix_blend_mode_passthrough et-last-child\">\n<div class=\"et_pb_module et_pb_text et_pb_text_175 titre et_pb_text_align_left et_pb_bg_layout_light\">\n<div class=\"et_pb_text_inner\">\n<p><strong>Datum<\/strong>: 30.07 und 06.08<br \/>\n<strong>Zeitaufwand f\u00fcr die Wanderung<\/strong>: ca. 4.00 Uhr<br \/>\n<strong>Dauer der Aktivit\u00e4t<\/strong>: ab den ganzen Tag lang<br \/>\n<strong>Treffpunkt<\/strong>: 9 Uhr am Start des Sessellifts von Jorasse.<br \/>\n<strong>Ab 10 Jahren<\/strong><br \/>\nWird mit dem Aktivit\u00e4tenpass angeboten oder 40CHF.<br \/>\nSessellift zu Lasten der Teilnehmer (kostenlos mit dem Magic Pass und das Saisonabonnement).<\/p>\n<p>Picknick, gute Wanderschuhe, Sonnencreme, Kleidung f\u00fcr die Berge.<\/p>\n<p>Anmeldung im Tourismusb\u00fcro oder unter info@ovronnaz.ch oder 027.306.42.93<\/p>\n<\/div>\n<\/div>\n<\/div>\n<p><img decoding=\"async\" class=\"alignnone size-full wp-image-38826\" src=\"https:\/\/www.ovronnaz.ch\/wp-content\/uploads\/2024\/04\/99a949c2-1f9d-41bd-8565-7f7295b568ae_rw_1920.jpg\" alt=\"\" width=\"1920\" height=\"1280\" srcset=\"https:\/\/www.ovronnaz.ch\/wp-content\/uploads\/2024\/04\/99a949c2-1f9d-41bd-8565-7f7295b568ae_rw_1920.jpg 1920w, https:\/\/www.ovronnaz.ch\/wp-content\/uploads\/2024\/04\/99a949c2-1f9d-41bd-8565-7f7295b568ae_rw_1920-1280x853.jpg 1280w, https:\/\/www.ovronnaz.ch\/wp-content\/uploads\/2024\/04\/99a949c2-1f9d-41bd-8565-7f7295b568ae_rw_1920-980x653.jpg 980w, https:\/\/www.ovronnaz.ch\/wp-content\/uploads\/2024\/04\/99a949c2-1f9d-41bd-8565-7f7295b568ae_rw_1920-480x320.jpg 480w\" sizes=\"(min-width: 0px) and (max-width: 480px) 480px, (min-width: 481px) and (max-width: 980px) 980px, (min-width: 981px) and (max-width: 1280px) 1280px, (min-width: 1281px) 1920px, 100vw\" \/><\/p>\n","protected":false},"excerpt":{"rendered":"<p>Nehmen Sie an unserer gef\u00fchrten Wanderung durch die Natur von Ovronnaz teil und entdecken Sie die Steinb\u00f6cke<\/p>\n","protected":false},"author":1,"featured_media":38826,"template":"","meta":{"_et_pb_use_builder":"","_et_pb_old_content":"","_et_gb_content_width":"","_monsterinsights_skip_tracking":false,"_monsterinsights_sitenote_active":false,"_monsterinsights_sitenote_note":"","_monsterinsights_sitenote_category":0,"_tribe_events_status":"","_tribe_events_status_reason":"","_tribe_events_is_hybrid":"","_tribe_events_is_virtual":"","_tribe_events_virtual_video_source":"","_tribe_events_virtual_embed_video":"","_tribe_events_virtual_linked_button_text":"","_tribe_events_virtual_linked_button":"","_tribe_events_virtual_show_embed_at":"","_tribe_events_virtual_show_embed_to":[],"_tribe_events_virtual_show_on_event":"","_tribe_events_virtual_show_on_views":"","_tribe_events_virtual_url":"","footnotes":""},"tags":[],"tribe_events_cat":[106,67],"class_list":["post-38914","tribe_events","type-tribe_events","status-publish","has-post-thumbnail","hentry","tribe_events_cat-office-du-tourisme","tribe_events_cat-ponctuelle","cat_office-du-tourisme","cat_ponctuelle"],"_links":{"self":[{"href":"https:\/\/www.ovronnaz.ch\/de\/wp-json\/wp\/v2\/tribe_events\/38914","targetHints":{"allow":["GET"]}}],"collection":[{"href":"https:\/\/www.ovronnaz.ch\/de\/wp-json\/wp\/v2\/tribe_events"}],"about":[{"href":"https:\/\/www.ovronnaz.ch\/de\/wp-json\/wp\/v2\/types\/tribe_events"}],"author":[{"embeddable":true,"href":"https:\/\/www.ovronnaz.ch\/de\/wp-json\/wp\/v2\/users\/1"}],"version-history":[{"count":6,"href":"https:\/\/www.ovronnaz.ch\/de\/wp-json\/wp\/v2\/tribe_events\/38914\/revisions"}],"predecessor-version":[{"id":42492,"href":"https:\/\/www.ovronnaz.ch\/de\/wp-json\/wp\/v2\/tribe_events\/38914\/revisions\/42492"}],"wp:featuredmedia":[{"embeddable":true,"href":"https:\/\/www.ovronnaz.ch\/de\/wp-json\/wp\/v2\/media\/38826"}],"wp:attachment":[{"href":"https:\/\/www.ovronnaz.ch\/de\/wp-json\/wp\/v2\/media?parent=38914"}],"wp:term":[{"taxonomy":"post_tag","embeddable":true,"href":"https:\/\/www.ovronnaz.ch\/de\/wp-json\/wp\/v2\/tags?post=38914"},{"taxonomy":"tribe_events_cat","embeddable":true,"href":"https:\/\/www.ovronnaz.ch\/de\/wp-json\/wp\/v2\/tribe_events_cat?post=38914"}],"curies":[{"name":"wp","href":"https:\/\/api.w.org\/{rel}","templated":true}]}}

Auf Entdeckungsreise zu den Steinböcken

<div class="et_pb_row et_pb_row_11">
<div class="et_pb_column et_pb_column_4_4 et_pb_column_34 et_pb_css_mix_blend_mode_passthrough et-last-child">
<div class="et_pb_module et_pb_text et_pb_text_176 titre et_pb_text_align_left et_pb_bg_layout_light">
<div class="et_pb_text_inner">
<h2 class="vc_custom_heading">Auf Entdeckungsreise zu den Steinböcken</h2>
</div>
</div>
</div>
</div>
<div class="et_pb_column et_pb_column_1_2 et_pb_column_32 et_pb_css_mix_blend_mode_passthrough">
<div class="et_pb_module et_pb_text et_pb_text_174 titre et_pb_text_align_left et_pb_bg_layout_light">
<div class="et_pb_text_inner">
<div class="et_pb_column et_pb_column_1_2 et_pb_column_35 et_pb_css_mix_blend_mode_passthrough">
<div class="et_pb_module et_pb_text et_pb_text_177 titre et_pb_text_align_left et_pb_bg_layout_light">
<div class="et_pb_text_inner">
<p>Nehmen Sie an unserer geführten Wanderung durch die Natur von Ovronnaz teil und entdecken Sie die Steinböcke, die Wahrzeichen der Berge. In Begleitung eines Profis erkunden Sie die faszinierende Welt der Steinböcke und erfahren mehr über ihren natürlichen Lebensraum. Eine bereichernde Erfahrung im Herzen der Alpen.</p>
</div>
</div>
</div>
<div class="et_pb_column et_pb_column_1_2 et_pb_column_36 et_pb_css_mix_blend_mode_passthrough et-last-child">
<div class="et_pb_module et_pb_text et_pb_text_178 titre et_pb_text_align_left et_pb_bg_layout_light">
<div class="et_pb_text_inner">&nbsp;</div>
</div>
</div>
</div>
</div>
</div>
<div class="et_pb_column et_pb_column_1_2 et_pb_column_33 et_pb_css_mix_blend_mode_passthrough et-last-child">
<div class="et_pb_module et_pb_text et_pb_text_175 titre et_pb_text_align_left et_pb_bg_layout_light">
<div class="et_pb_text_inner">
<p><strong>Datum</strong>: 30.07 und 06.08<br />
<strong>Zeitaufwand für die Wanderung</strong>: ca. 4.00 Uhr<br />
<strong>Dauer der Aktivität</strong>: ab den ganzen Tag lang<br />
<strong>Treffpunkt</strong>: 9 Uhr am Start des Sessellifts von Jorasse.<br />
<strong>Ab 10 Jahren</strong><br />
Wird mit dem Aktivitätenpass angeboten oder 40CHF.<br />
Sessellift zu Lasten der Teilnehmer (kostenlos mit dem Magic Pass und das Saisonabonnement).</p>
<p>Picknick, gute Wanderschuhe, Sonnencreme, Kleidung für die Berge.</p>
<p>Anmeldung im Tourismusbüro oder unter info@ovronnaz.ch oder 027.306.42.93</p>
</div>
</div>
</div>
<p><img decoding="async" class="alignnone size-full wp-image-38826" src="https://www.ovronnaz.ch/wp-content/uploads/2024/04/99a949c2-1f9d-41bd-8565-7f7295b568ae_rw_1920.jpg" alt="" width="1920" height="1280" srcset="https://www.ovronnaz.ch/wp-content/uploads/2024/04/99a949c2-1f9d-41bd-8565-7f7295b568ae_rw_1920.jpg 1920w, https://www.ovronnaz.ch/wp-content/uploads/2024/04/99a949c2-1f9d-41bd-8565-7f7295b568ae_rw_1920-1280x853.jpg 1280w, https://www.ovronnaz.ch/wp-content/uploads/2024/04/99a949c2-1f9d-41bd-8565-7f7295b568ae_rw_1920-980x653.jpg 980w, https://www.ovronnaz.ch/wp-content/uploads/2024/04/99a949c2-1f9d-41bd-8565-7f7295b568ae_rw_1920-480x320.jpg 480w" sizes="(min-width: 0px) and (max-width: 480px) 480px, (min-width: 481px) and (max-width: 980px) 980px, (min-width: 981px) and (max-width: 1280px) 1280px, (min-width: 1281px) 1920px, 100vw" /></p>

<p>Nehmen Sie an unserer geführten Wanderung durch die Natur von Ovronnaz teil und entdecken Sie die Steinböcke</p>
